{"id":30,"date":"2023-08-29T11:32:08","date_gmt":"2023-08-29T11:32:08","guid":{"rendered":"http:\/\/polskie-smaki.net\/?page_id=30"},"modified":"2023-08-30T18:51:24","modified_gmt":"2023-08-30T18:51:24","slug":"kontakt","status":"publish","type":"page","link":"http:\/\/polskie-smaki.net\/index.php\/kontakt\/","title":{"rendered":"Kontakt"},"content":{"rendered":"<h3 style=\"text-align: center;\"><span style=\"color: #e6df1e;\">Polskie Smaki<\/span><\/h3>\n<p style=\"text-align: center;\">ul. Fabryczna 2<\/p>\n<p style=\"text-align: center;\">72-300 Gryfice<\/p>\n<p style=\"text-align: center;\">W\u0142a\u015bcicielka &#8211; Irena Kozio\u0142<\/p>\n<p style=\"text-align: center;\">Kontakt osobisty w godz. 09.00 &#8211; 13.00 i 16.00 &#8211; 17.00<\/p>\n<p style=\"text-align: center;\">Kontakt telefoniczny w godz. 09.00 &#8211; 18.00<\/p>\n<h2 style=\"text-align: center;\"><span style=\"color: #e8d22a;\">tel. 501 141 361, 601 924 601<\/span><\/h2>\n<p style=\"text-align: center;\">email: polskiesmaki@poczta.fm<\/p>\n","protected":false},"excerpt":{"rendered":"<p>Polskie Smaki ul. Fabryczna 2 72-300 Gryfice W\u0142a\u015bcicielka &#8211; Irena Kozio\u0142 Kontakt osobisty w godz. 09.00 &#8211; 13.00 i 16.00 &#8211; 17.00 Kontakt telefoniczny w godz. 09.00 &#8211; 18.00 tel. 501 141 361, 601 924 601 email: polskiesmaki@poczta.fm<\/p>\n","protected":false},"author":1,"featured_media":0,"parent":0,"menu_order":7,"comment_status":"closed","ping_status":"closed","template":"","meta":{"ngg_post_thumbnail":0,"footnotes":""},"_links":{"self":[{"href":"http:\/\/polskie-smaki.net\/index.php\/wp-json\/wp\/v2\/pages\/30"}],"collection":[{"href":"http:\/\/polskie-smaki.net\/index.php\/wp-json\/wp\/v2\/pages"}],"about":[{"href":"http:\/\/polskie-smaki.net\/index.php\/wp-json\/wp\/v2\/types\/page"}],"author":[{"embeddable":true,"href":"http:\/\/polskie-smaki.net\/index.php\/wp-json\/wp\/v2\/users\/1"}],"replies":[{"embeddable":true,"href":"http:\/\/polskie-smaki.net\/index.php\/wp-json\/wp\/v2\/comments?post=30"}],"version-history":[{"count":6,"href":"http:\/\/polskie-smaki.net\/index.php\/wp-json\/wp\/v2\/pages\/30\/revisions"}],"predecessor-version":[{"id":95,"href":"http:\/\/polskie-smaki.net\/index.php\/wp-json\/wp\/v2\/pages\/30\/revisions\/95"}],"wp:attachment":[{"href":"http:\/\/polskie-smaki.net\/index.php\/wp-json\/wp\/v2\/media?parent=30"}],"curies":[{"name":"wp","href":"https:\/\/api.w.org\/{rel}","templated":true}]}}